ousands digit of 28641?
2
What is the units digit of 41853?
3
What is the hundreds digit of 3854?
8
What is the thousands digit of 99146?
9
What is the thousands digit of 18189?
8
What is the tens digit of 14706?
0
What is the tens digit of 1676?
7
What is the thousands digit of 2558?
2
What is the tens digit of 75?
7
What is the hundreds digit of 649?
6
What is the tens digit of 7078?
7
What is the hundreds digit of 19949?
9
What is the tens digit of 483?
8
What is the tens digit of 10894?
9
What is the hundreds digit of 57940?
9
What is the hundreds digit of 2974?
9
What is the units digit of 115887?
7
What is the units digit of 569?
9
What is the hundreds digit of 153?
1
What is the units digit of 7232?
2
What is the units digit of 42915?
5
What is the thousands digit of 4405?
4
What is the tens digit of 5376?
7
What is the thousands digit of 16949?
6
What is the tens digit of 1270?
7
What is the tens digit of 908?
0
What is the units digit of 960?
0
What is the thousands digit of 1216?
1
What is the thousands digit of 3121?
3
What is the units digit of 7?
7
What is the tens digit of 26670?
7
What is the thousands digit of 150125?
0
What is the thousands digit of 1821?
1
What is the ten thousands digit of 162594?
6
What is the units digit of 17847?
7
What is the hundreds digit of 190?
1
What is the hundreds digit of 5727?
7
What is the hundreds digit of 5279?
2
What is the ten thousands digit of 11785?
1
What is the units digit of 14963?
3
What is the tens digit of 21227?
2
What is the thousands digit of 2620?
2
What is the hundreds digit of 1492?
4
What is the tens digit of 8832?
3
What is the hundred thousands digit of 138257?
1
What is the hundreds digit of 2379?
3
What is the thousands digit of 30649?
0
What is the thousands digit of 21942?
1
What is the thousands digit of 1099?
1
What is the tens digit of 2937?
3
What is the hundreds digit of 649?
6
What is the units digit of 458?
8
What is the tens digit of 607?
0
What is the thousands digit of 9879?
9
What is the units digit of 3134?
4
What is the tens digit of 99407?
0
What is the units digit of 412?
2
What is the tens digit of 943?
4
What is the units digit of 2?
2
What is the units digit of 46099?
9
What is the hundreds digit of 43273?
2
What is the tens digit of 1120?
2
What is the ten thousands digit of 13191?
1
What is the units digit of 5085?
5
What is the thousands digit of 1804?
1
What is the ten thousands digit of 37376?
3
What is the thousands digit of 5028?
5
What is the tens digit of 48051?
5
What is the ten thousands digit of 20120?
2
What is the thousands digit of 5338?
5
What is the thousands digit of 4822?
4
What is the thousands digit of 1043?
1
What is the tens digit of 2482?
8
What is the units digit of 40763?
3
What is the hundreds digit of 1145?
1
What is the units digit of 5718?
8
What is the thousands digit of 2580?
2
What is the hundreds digit of 12396?
3
What is the tens digit of 6136?
3
What is the tens digit of 1244?
4
What is the thousands digit of 11413?
1
What is the ten thousands digit of 19483?
1
What is the hundreds digit of 2476?
4
What is the hundreds digit of 64038?
0
What is the units digit of 19113?
3
What is the ten thousands digit of 94447?
9
What is the hundreds digit of 33801?
8
What is the thousands digit of 7924?
7
What is the tens digit of 998?
9
What is the units digit of 32933?
3
What is the hundreds digit of 622?
6
What is the tens digit of 578?
7
What is the thousands digit of 5963?
5
What is the tens digit of 1138?
3
What is the units digit of 7787?
7
What is the units digit of 16917?
7
What is the tens digit of 56755?
5
What is the units digit of 3588?
8
What is the thousands digit of 1007?
1
What is the thousands digit of 143869?
3
What is the hundreds digit of 3280?
2
What is the hundreds digit of 6535?
5
What is the tens digit of 1542?
4
What is the units digit of 3037?
7
What is the tens digit of 1745?
4
What is the ten thousands digit of 57794?
5
What is the units digit of 12064?
4
What is the thousands digit of 49441?
9
What is the tens digit of 46352?
5
What is the ten thousands digit of 78414?
7
What is the hundreds digit of 2628?
6
What is the units digit of 12241?
1
What is the thousands digit of 118352?
8
What is the units digit of 193?
3
What is the hundreds digit of 160634?
6
What is the units digit of 2183?
3
What is the hundreds digit of 8394?
3
What is the ten thousands digit of 22225?
2
What is the tens digit of 1167?
6
What is the thousands digit of 10307?
0
What is the units digit of 31171?
1
What is the thousands digit of 8512?
8
What is the tens digit of 4771?
7
What is the tens digit of 1232?
3
What is the hundreds digit of 610?
6
What is the hundreds digit of 673?
6
What is the tens digit of 8766?
6
What is the units digit of 2263?
3
What is the tens digit of 49813?
1
What is the units digit of 3853?
3
What is the tens digit of 6190?
9
What is the units digit of 5202?
2
What is the hundreds digit of 1399?
3
What is the tens digit of 556?
5
What is the hundreds digit of 1107?
1
What is the units digit of 14207?
7
What is the thousands digit of 1414?
1
What is the tens digit of 321?
2
What is the hundreds digit of 1055?
0
What is the units digit of 5003?
3
What is the tens digit of 569?
6
What is the units digit of 169?
9
What is the thousands digit of 17694?
7
What is the tens digit of 121298?
9
What is the thousands digit of 2739?
2
What is the units digit of 3971?
1
What is the hundreds digit of 11866?
8
What is the units digit of 3972?
2
What is the hundreds digit of 2998?
9
What is the units digit of 296?
6
What is the ten thousands digit of 30946?
3
What is the units digit of 52061?
1
What is the tens digit of 524?
2
What is the units digit of 2421?
1
What is the hundred thousands digit of 143311?
1
What is the ten thousands digit of 86788?
8
What is the hundreds digit of 2903?
9
What is the units digit of 4528?
8
What is the tens digit of 1556?
5
What is the thousands digit of 45028?
5
What is the tens digit of 151636?
3
What is the hundreds digit of 322?
3
What is the units digit of 1313?
3
What is the thousands digit of 15731?
5
What is the hundreds digit of 2743?
7
What is the tens digit of 1026?
2
What is the tens digit of 956?
5
What is the hundreds digit of 601?
6
What is the tens digit of 2887?
8
What is the thousands digit of 7070?
7
What is the thousands digit of 10762?
0
What is the units digit of 38292?
2
What is the tens digit of 5791?
9
What is the units digit of 1165?
5
What is the units digit of 7639?
9
What is the ten thousands digit of 28118?
2
What is the tens digit of 7346?
4
What is the tens digit of 69272?
7
What is the tens digit of 79?
7
What is the hundreds digit of 1232?
2
What is the thousands digit of 7291?
7
What is the ten thousands digit of 77350?
7
What is the thousands digit of 29008?
9
What is the tens digit of 6019?
1
What is the units digit of 46421?
1
What is the thousands digit of 13584?
3
What is the thousands digit of 71418?
1
What is the thousands digit of 9738?
9
What is the hundreds digit of 21473?
4
What is the thousands digit of 61760?
1
What is the units digit of 1636?
6
What is the units digit of 564?
4
What is the tens digit of 424?
2
What is the tens digit of 195?
9
What is the hundreds digit of 2500?
5
What is the thousands digit of 12957?
2
What is the hundreds digit of 1690?
6
What is the units digit of 10510?
0
What is the tens digit of 21297?
9
What is the thousands digit of 3163?
3
What is the tens digit of 394?
9
What is the tens digit of 2362?
6
What is the hundreds digit of 81146?
1
What is the tens digit of 7026?
2
What is the hundreds digit of 1823?
8
What is the thousands digit of 4319?
4
What is the thousands digit of 28239?
8
What is the units digit of 15983?
3
What is the thousands digit of 1545?
1
What is the units digit of 91720?
0
What is the units digit of 387?
7
What is the hundreds digit of 1528?
5
What is the units digit of 27176?
6
What is the tens digit of 4964?
6
What is the tens digit of 887?
8
What is the tens digit of 9105?
0
What is the tens digit of 4675?
7
What is the thousands digit of 1102?
1
What is the hundreds digit of 7313?
3
What is the units digit of 2077?
7
What is the tens digit of 615?
1
What is the units digit 